).
170
Let y(l) = l**3 + 104*l**2 + 129*l - 17563. Calculate y(-101).
11
Let h(a) = a**3 - 356*a**2 + 2193*a - 3137. Calculate h(4).
3
Let s(n) = -2124*n + 9334. Determine s(5).
-1286
Let k(w) = -2*w**2 - 30031*w + 3571506. Determine k(118).
0
Let s(g) = 12*g**3 - 164*g**2 + 96*g + 41. Give s(13).
-63
Let w(q) = -929*q + 22798. What is w(27)?
-2285
Let y(i) = -i**3 + 13*i**2 + 34766*i - 76417. Determine y(192).
-1
Let t(i) = 473*i**3 + 177*i**2 - 356*i - 3. Give t(2).
3777
Let k(g) = -59608*g - 655688. What is k(-11)?
0
Let i(y) = -3*y**3 - 45*y**2 + 23*y - 466. Give i(-16).
-66
Let j(o) = -27*o**2 + 1052*o + 2113. Give j(-2).
-99
Let f(p) = 2745*p + 104686. What is f(-38)?
376
Let n(u) = 5997*u - 23866. Calculate n(4).
122
Let n(j) = -j**2 - 25874*j + 5135991. Calculate n(197).
4
Let d(c) = c**2 + 4652*c + 1378218. What is d(-318)?
6
Let o(t) = 2*t**2 + 55*t - 1304. Determine o(-31).
-1087
Let r(s) = 3553*s - 298487. What is r(84)?
-35
Let i(b) = -b**2 + 160*b + 6593. Give i(-32).
449
Let d(y) = -1668*y - 19330. What is d(-12)?
686
Let o(p) = -110*p**3 + 24*p**2 + 58*p - 11. Determine o(-3).
3001
Let s(r) = 21*r - 4984. Determine s(121).
-2443
Let h(a) = 5*a**3 + 99*a**2 + 152*a - 186. Determine h(-18).
-6
Let n(w) = 2783*w + 27739. Calculate n(-10).
-91
Let z(g) = -g**3 + 39*g**2 + 647*g - 27524. Determine z(35).
21
Let t(a) = 611*a + 6123. Calculate t(-8).
1235
Let q(o) = o**3 - 35*o**2 - 199*o + 520. Calculate q(39).
-1157
Let b(w) = -9*w**2 - 71*w + 5456. Calculate b(-27).
812
Let y(c) = -4*c**3 + 1169*c**2 - 4916*c + 5758. Calculate y(288).
-2
Let b(g) = -57*g - 74. Determine b(-4).
154
Let t(j) = -18*j**2 + 107*j + 19. Determine t(7).
-114
Let j(p) = -2*p**2 + 173704*p - 1215841. Determine j(7).
-11
Let k(y) = 19*y**3 + 150*y**2 + 66*y + 529. What is k(-8)?
-127
Let a(l) = 4*l**3 - 113*l**2 + 908*l - 1494. What is a(13)?
1
Let u(t) = -386*t**3 + 46*t**2 - 7*t + 5. What is u(1)?
-342
Let b(v) = -204*v + 64976. Determine b(319).
-100
Let q(o) = -148*o**2 - 704*o - 1958. What is q(-3)?
-1178
Let z(d) = 192*d + 1399. Calculate z(-2).
1015
Let z(t) = -28*t**2 + 105*t + 36. Give z(4).
8
Let y(f) = -1638*f + 814109. What is y(497)?
23
Let r(s) = -2*s**3 - 472*s**2 - 23048*s - 151. What is r(-69)?
-13
Let f(g) = -2*g**3 + 23*g**2 - 155*g + 1587. Calculate f(11).
3
Let l(o) = 925*o - 2044. Determine l(0).
-2044
Let f(z) = -z**3 - 38*z**2 - 6*z + 60. Calculate f(-36).
-2316
Let q(f) = 279*f + 3954. Determine q(-15).
-231
Let s(t) = 243*t + 2323. Determine s(-4).
1351
Let u(t) = t**3 - t**2 + 918*t + 1848. Give u(-2).
0
Let s(g) = g**3 - 309*g**2 - 5*g + 129. What is s(0)?
129
Let s(b) = 17*b**3 - 69*b**2 - 4*b + 5. Determine s(-3).
-1063
Let w(a) = -a**3 - 7*a**2 + 49*a + 410. Give w(-7).
67
Let g(j) = j**2 - 7499*j - 9887590. Calculate g(-1144).
2
Let z(x) = 640*x - 55169. Calculate z(87).
511
Let w(o) = -2*o**3 - 86*o**2 + 4520*o + 194772. Give w(-47).
4
Let y(x) = x**3 + 10*x**2 - 654*x - 1773. What is y(-30)?
-153
Let n(g) = -18*g**2 + 1415*g + 544. What is n(79)?
-9
Let s(h) = -11665*h - 198284. Calculate s(-17).
21
Let h(d) = 104493*d + 940442. Give h(-9).
5
Let j(m) = 8094*m - 129456. Determine j(16).
48
Let y(t) = -t**3 + 28*t**2 + 56*t - 803. Give y(29).
-20
Let i(v) = 145*v**2 + 2333*v + 175. Give i(-16).
-33
Let o(u) = 2*u**3 + 892*u**2 + 26500*u + 125. Determine o(-32).
-3
Let r(c) = 106116*c - 212229. Calculate r(2).
3
Let c(y) = y**3 + 13*y**2 - 59*y - 552. Calculate c(-9).
303
Let w(j) = -146*j**2 + 4043*j - 6425. Determine w(26).
-3
Let p(i) = -i**2 + 116*i + 5071. Calculate p(150).
-29
Let h(t) = -t**3 - 46*t**2 + 116*t + 5416. What is h(-46)?
80
Let u(c) = -73*c**2 + 56652*c - 3118. Determine u(776).
-14
Let n(b) = -b**3 - 48*b**2 + 5432*b - 4178. Calculate n(53).
9
Let d(b) = b**2 - 60569*b + 302826. Give d(5).
6
Let y(v) = -v**3 - 1620*v**2 - 4855*v + 10. What is y(-3)?
22
Let r(z) = -3*z**3 + 57*z**2 + 512*z + 1120. Give r(-4).
176
Let i(r) = 1488*r**2 - 1553*r - 1. Calculate i(1).
-66
Let z(y) = -16443*y + 855046. Give z(52).
10
Let d(a) = -a**2 - 2737*a - 59738. Determine d(-22).
-8
Let i(n) = -10*n**3 - 122*n**2 - 593*n - 62. What is i(-5)?
1103
Let t(a) = a**3 + 213*a**2 + 482*a + 12611. Calculate t(-211).
-49
Let k(d) = -d**3 - 298*d**2 - 1470*d - 1805. Give k(-293).
-340
Let q(m) = -m**2 + 24442*m - 4607882. Calculate q(190).
-2
Let y(z) = 8103*z + 48609. Give y(-6).
-9
Let x(p) = -342*p**2 - 3508*p - 52. Calculate x(-10).
828
Let b(l) = l**2 - 996*l + 7910. Give b(8).
6
Let z(h) = -h**3 - 53*h**2 - 418*h - 267. Give z(-44).
701
Let u(p) = 11*p**3 - 21*p**2 + 572*p - 1144. What is u(2)?
4
Let j(a) = -a**3 - 153*a**2 - 189*a - 5767. What is j(-152)?
-143
Let n(m) = -m**3 - 5*m**2 + 645*m - 86. What is n(24)?
-1310
Let f(v) = 20*v**3 + 2*v**2 + 279*v - 280. Calculate f(1).
21
Let d(p) = 18512*p + 648024. Determine d(-35).
104
Let r(o) = -25667*o - 87. Calculate r(0).
-87
Let g(p) = -p**3 - 54*p**2 - 306*p + 1017. Give g(-47).
-64
Let q(v) = 2354*v - 920681. Determine q(391).
-267
Let v(u) = u**2 + 515*u - 31994. Determine v(56).
-18
Let o(t) = 178004*t - 4450122. Give o(25).
-22
Let q(b) = 2*b**2 + 53*b - 2751. Give q(-54).
219
Let p(i) = 130*i**2 + 559*i - 447. What is p(-5)?
8
Let a(l) = -3*l**3 - 247*l**2 + 17215*l - 100. What is a(45)?
1025
Let w(f) = -178350*f + 891749. Determine w(5).
-1
Let u(c) = -524*c**2 - 6290*c - 20. Give u(-12).
4
Let y(p) = p**3 - 4*p**2 - 33*p + 101. Calculate y(5).
-39
Let h(j) = -j**3 + 74*j**2 - 171*j - 3084. Calculate h(71).
-102
Let j(v) = -173*v**2 + 1674*v + 2547. Determine j(11).
28
Let p(d) = -7046*d + 126790. What is p(18)?
-38
Let h(a) = 41*a + 2814. Determine h(-53).
641
Let j(b) = 10*b**3 - 16*b**2 + 18*b + 34. Determine j(-1).
-10
Let l(g) = -35140*g - 1019050. Calculate l(-29).
10
Let y(n) = 5*n**2 + 4443*n - 152066. What is y(33)?
-2
Let y(h) = -6*h**2 - 20*h + 139. What is y(12)?
-965
Let k(m) = -1697*m**2 + 17076*m - 1056. Give k(10).
4
Let f(g) = -68*g**2 + 28*g - 21. What is f(-5)?
-1861
Let t(p) = -p**3 - 329*p**2 + 2349*p - 1128. What is t(-336)?
-120
Let u(s) = 55*s**3 + 11768*s**2 - 433*s - 1140. Give u(-214).
-70
Let x(a) = 1518*a**2 - 403787*a - 240. What is x(266)?
26
Let w(i) = -1840*i**2 + 33*i + 23. Calculate w(-1).
-1850
Let h(i) = -246*i - 62902. Give h(-255).
-172
Let r(n) = -4*n**3 + 18*n**2 + 56*n + 6. Give r(-4).
326
Let q(x) = 475582*x + 475581. Calculate q(-1).
-1
Let b(j) = -1707*j - 99166. Calculate b(-58).
-160
Let j(x) = -x**2 - 175*x - 10350. Determine j(-70).
-3000
Let s(a) = -2621*a + 149405. Calculate s(57).
8
Let j(v) = 11*v**3 - 2815*v**2 - 253*v - 706. What is j(256)?
62
Let z(b) = 1661*b + 134558. Calculate z(-81).
17
Let l(z) = -z**2 + 2186*z + 305979. Give l(-132).
3
Let i(z) = 13871*z + 13911. Calculate i(-1).
40
Let y(g) = g**2 - 258*g + 7637. Calculate y(34).
21
Let v(i) = -1621*i + 1534. Calculate v(1).
-87
Let o(f) = -6467*f + 232808. Give o(36).
-4
Let z(l) = 20*l**2 + 53*l - 466. Determine z(8).
1238
Let g(x) = 3*x**2 + 152*x - 4200. Calculate g(20).
40
Let v(g) = -4*g**3 - 2*g**2 - 46*g - 142. Give v(-3).
86
Let h(w) = 3*w**2 - 293*w - 17441. What is h(141)?
889
Let u(r) = -r**3 - 7*r**2 - 3118*r + 12472. Determine u(4).
-176
Let j(a) = a**3 - 15*a**2 - 271*a - 27. Calculate j(25).
-552
Let b(u) = -2231*u - 4370518. Calculate b(-1959).
11
Let o(h) = 63*h**2 - 61*h - 62. Determine o(-1).
62
Let g(j) = 11*j**2 + 5144*j + 3. Determine g(0).
3
Let q(o) = -o**2 - 800*o + 24904. Determine q(30).
4
Let s(p) = 6223*p + 161799. What is s(-26)?
1
Let u(t) = -8*t**3 - 4375*t**2 + 457*t - 49216. Calculate u(-547).
14
Let u(o) = -55494*o - 5937864. Calculate u(-107).
-6
Let j(z) = -3*z**2 - 2330*z + 7. Give j(0).
7
Let l(r) = 10*r**2 + 371*r - 305. Give l(-30).
-2435
Let b(k) = -31482*k + 92478. Give b(3).
-1968
Let h(p) = -p**2 + 2961*p + 47644. Calculate h(-16).
12
Let m(z) = -11*z**2 + 12341*z - 347579. Calculate m(1093).
-5
Let y(k) = -k**3 - 12*k**2 - 33. Calculate y(-15).
642
Let g(w) = -2*w**3 - 31*w**2 - 227*w - 2584. What is g(-14)?
6
Let w(o) = -128*o**2 - 10*o + 8. Calculate w(1).
-130
Let g(b) = -9*b**2 - 1422*b - 4249. Give g(-3).
-64
Let c(t) = 31*t**3 + 83*t**2 - 34*t - 14. Give c(-3).
-2
Let s(c) = -1724*c + 1337. Calculate